e k(y).
4
Suppose -16 = -d + 5*j, -2*d - 2*j = -d + 12. Let i(b) = -16*b + 7 - 9 + 21*b. Let a(l) = 2*l - 1. Let q(t) = 7*a(t) - 3*i(t). Determine q(d).
3
Let r(n) = -n**3 + 32*n**2 - 60*n - 7. Let u(g) = 7*g**2 + 140*g + 282. Let c be u(-2). Give r(c).
-7
Suppose -5*m = 32*f - 33*f - 16, -f = -4*m + 12. Let p be (m/2)/(58/174). Let j(l) = l**2 - 6*l + 8. Calculate j(p).
8
Let x(p) = p - 6 + 164*p - 173*p + p**2. Determine x(11).
27
Let b(h) = -h + 8. Let s = 879 - 869. Let r(a) = -2*a + 8. Let i be r(6). Let k = s + i. Determine b(k).
2
Let w(q) be the second derivative of -q**5/20 - q**4/2 + 2*q**3/3 - 3*q**2/2 - q - 116. Let f = -213 + 207. Determine w(f).
-27
Let k(v) = v**2 - 2*v - 3. Let x(y) = y**2 - 20*y - 4. Let j be x(20). Let l(p) = -p**3 - 5*p**2 - 4*p - 2. Let r be l(j). What is k(r)?
5
Let m be 2/(-4) + 9/2. Suppose -103*u = -72*u - 124. Suppose 7*k - m*s - 9 = 2*k, s = u. Let j(l) = l**3 - 4*l**2 - 6*l - 1. Give j(k).
-6
Suppose 45*d = 8*d + 11 - 85. Let r(z) = 10*z**2 - 4*z - 3. Let b(n) = -n**2. Let c(u) = 5*b(u) + r(u). What is c(d)?
25
Let i(k) = -3*k**2 + 8*k + 11. Let t(z) = 5*z**2 - 3*z. Let b(s) = -i(s) - t(s). Calculate b(-5).
-36
Let l(r) = 6*r**2 - 10*r + 1. Suppose w - 5 = -2*j, 14 = 6*j - 4*w + 6*w. Determine l(j).
5
Let j = -1695 - -1694. Let y(k) = -k**3 + 3*k**2 - 2*k + 1. Let r be y(2). Let t(a) = -21*a**3 + 10*a**3 - 5*a**3 - 7*a**3 - r. What is t(j)?
22
Let a(g) = 3*g + 7. Suppose -4*d - 22 = -2*c, -5*d + 2*c = -4 + 29. Let i be a(d). Let x(n) = -5*n. Give x(i).
10
Let j(p) be the first derivative of -p**2 - 68*p + 240. Determine j(-36).
4
Let n(y) = 19*y**2 + 2*y + 5. Let q(w) = -29*w**2 - 3*w - 7. Let b(x) = 3*n(x) + 2*q(x). Let u = 4 + -6. What is b(u)?
-3
Let q(b) = 4*b**3 - b**2 + b + 1. Let t(d) = 19*d**3 - 6*d**2 + 28*d - 1. Let y(o) = -5*q(o) + t(o). Give y(4).
6
Let j(v) = -6*v**3 + v**2 - 1. Let z be j(1). Let a(n) = 5097 - 8*n + 14*n - 7*n - n**2 - 5095 - 3*n. Calculate a(z).
-10
Let v(z) = 327*z**3 - 19*z + 349*z**3 - 1004*z**3 + 329*z**3 + 23*z**2 - 7*z + 11. Determine v(-24).
59
Let c(r) = -49*r**2 + 57*r**2 + r**3 - 18*r + 8*r - 4. What is c(-9)?
5
Let m(w) be the third derivative of 5*w**4/24 - 49*w**3/6 + 392*w**2. Calculate m(11).
6
Suppose -4*a - 3*d = -d + 38, 2*d = 4*a + 50. Let u(o) = 14*o + 1. Let n(t) = 72*t + 5. Let w(v) = a*u(v) + 2*n(v). Determine w(-1).
9
Let r(t) = -t + 11. Let l be r(5). Let j(o) = -4 - 10*o + 11 - 129*o**2 + 241*o**2 - 111*o**2. What is j(l)?
-17
Let t(z) be the first derivative of -30*z - 3/2*z**2 + 115. What is t(-12)?
6
Let t = -3377 + 3379. Let v(k) = -16*k**2 - 4*k + 4. What is v(t)?
-68
Let n(j) = -5*j + 122. Let y be n(23). Suppose 2 = -t + 4*z - y, 3*z - 5 = -t. Let d(u) be the third derivative of u**4/24 + u**3/3 + u**2. Calculate d(t).
1
Let v(o) = 3*o**2 - 2*o - 4. Suppose 5*x + 0*x = 25. Let c(n) = -2*n**2 + n + 3. Suppose 12*h - 59 = 25. Let y(g) = h*c(g) + x*v(g). What is y(2)?
-1
Let q(p) be the first derivative of 81 - 7/2*p**2 - 1/3*p**3 - 6*p. What is q(-6)?
0
Let i(g) = g**2 - 8*g - 6. Let l(z) = z**2 - 5*z - 4. Let c be 9/((-72)/(-28)) + (-6)/(-4). Let k(p) = c*i(p) - 8*l(p). Determine k(1).
-1
Let j(u) = 2*u**3 - 17*u**2 + 3*u + 45. Let s be j(8). Let f(c) be the first derivative of -c**3/3 + 9*c**2/2 - 5*c + 227. Calculate f(s).
15
Let q = -147 - -149. Let m(w) = -6*w - 2. Determine m(q).
-14
Suppose -79*k + 72 = -77*k. Suppose k = 4*d + 4*i + 4, -3*i = 5*d - 30. Let x(y) = 2*y**2 - 4*y - 1. What is x(d)?
5
Suppose -386*i + 616*i = -460. Let b(a) = 1 + 2*a - 2 - 3*a**2 - 3*a**3 - 5*a. Calculate b(i).
17
Let q be 4 + ((-1333)/215 - 8/10). Let a(s) = 75*s + 231. Calculate a(q).
6
Suppose -26*f = -31*f + 25. Suppose 2*l + f*x + 3 = 0, x + 15 = -l + 3*x. Let r(h) = -h**3 - 9*h**2 + 3. Determine r(l).
3
Let r(q) = -49*q + 143. Suppose -48*w - 25 = -43*w + 5*v, -3*v - 18 = 2*w. Determine r(w).
-4
Let x = -25 + 72. Let h = 58 - x. Let o(i) = i - 11. Calculate o(h).
0
Let n(f) = 4*f**2 - 3*f + 2. Suppose -24 = 4580*w - 4588*w. Determine n(w).
29
Let t(d) = 6*d - 101. Let p be t(-17). Let j = p + 208. Let a(y) = 5*y - 6. Determine a(j).
19
Let p = 14 - 12. Let c(d) = -2*d**3 + 3*d**3 + 2*d**p - 4*d**3 + 3*d - 3. Let j(z) = -33*z - 1813. Let k be j(-55). What is c(k)?
-13
Let c(g) = 35*g - 17. Let o(k) = 17*k - 8. Let r(d) = -4*c(d) + 9*o(d). Let i(n) = -2*n - 1. Let h(x) = 6*i(x) + r(x). Calculate h(0).
-10
Let a(s) = s**3 - 6*s**2 + 4*s - 7. Let o = 310 + -306. Suppose -2*i + 7*j = 9*j - 16, -o*i - j + 26 = 0. Calculate a(i).
17
Let h be (-3 - -7) + -21 + 5. Let z be ((-16)/h)/(1/(-6)*-4). Let p be (-1)/(1/((-2)/z)). Let r(q) = -8*q + 1. Give r(p).
-7
Let y(x) = -x**2 + x + 5. Let m = -2143 + 2141. Let f = 2 + -2. Let i be f*(20/12 + m). Give y(i).
5
Let m be 6 + (-5 - (8 + -5)). Let j be ((4 - 3)*-1)/(-1). Let f(b) = 0*b + 5*b + j + 3*b - b. Calculate f(m).
-13
Let s be (((-351)/54)/(-13))/(1/18). Let u(d) = -3*d + 13. Calculate u(s).
-14
Suppose -97*r = -58*r + 234. Let s(c) = -c - 17. Let b(o) be the second derivative of 3*o**2 - o. Let p(f) = r*s(f) - 17*b(f). Give p(2).
12
Suppose -11*s - 253 + 308 = 0. Suppose 3*g - 4*g - 13 = 4*d, -2*g - 20 = s*d. Let p(j) = -2*j**2 - 4*j - 2. Determine p(d).
-2
Let j(m) = 6*m - 21 - 15 + 1 + 125 - 36. What is j(-8)?
6
Suppose 3*a + 33 = 2*w + 9, 38 = 4*w - a. Let s(x) = -7*x - 59*x**2 + w - 4 + 60*x**2. Give s(6).
-1
Let b(o) = 2*o + 6. Let f be b(-4). Let j be ((-2)/5)/(f/90). Suppose 6*s - 9*s - j = 0. Let d(r) = -r**3 - 7*r**2 - 6*r + 5. Calculate d(s).
5
Let t(i) = 4*i - 15. Let z be t(6). Suppose z*d = 10*d. Let k(y) = 5898*y**2 + 5894*y**2 - 11793*y**2 + 3. Determine k(d).
3
Let r(z) = -11*z**2 + 19*z - 192. Let q(b) = -2*b**2 - 34. Let p(o) = 6*q(o) - r(o). Determine p(-20).
-32
Let s = -70 + 76. Suppose 0 = s*b + 12 + 6. Let q(c) = -3*c**3 + 4*c**2 + c - 4. Let p(j) = -2*j**3 + 2*j**2 + j - 2. Let l(w) = -5*p(w) + 3*q(w). Give l(b).
-5
Let d(m) = 4*m - 2. Suppose 8 = 4*x, -5*k = -4*k - 4*x + 3. Suppose 4*j = k*y - 19 + 18, -2*j + 22 = 2*y. Determine d(j).
22
Suppose 9 = p + 9. Suppose p*j - 11*j = 0. Let b(s) = -s**3 - s**2 - s - 8. What is b(j)?
-8
Let a(f) = f**2 - 12*f + 14. Suppose -16*d = -12*d + 72. Let i(m) = m**3 + 17*m**2 - 20*m - 26. Let r be i(d). What is a(r)?
-6
Let p(t) = -t**3 - 5*t**2 + 4*t - 4. Let n be (-3 - (-4 + 0))/(10/420). Suppose 3*k - l + 22 = 0, -5*l + 2*l + n = -5*k. Determine p(k).
8
Let x(w) = 2*w**3 + 17*w**2 - 6*w - 11. Let k(g) = 3*g**3 + 27*g**2 - 11*g - 21. Let o(h) = -3*k(h) + 5*x(h). Give o(-4).
-4
Let m(y) be the first derivative of -y**2/2 - 10*y + 1. Let z = -417 + 369. Let r be 10/8 + 60/z. Give m(r).
-10
Let m(a) = -a**2 + 7*a + 3. Suppose -458 = -h - i, -980 = -3*h + i + 382. Suppose -3*u = 2*u - h. Suppose 12*g = -19 + u. Determine m(g).
9
Let q(x) be the second derivative of x**5/20 - 2*x**4/3 + 13*x**3/6 - 21*x**2/2 + 885*x. Determine q(6).
-15
Let g(x) = -x - 11. Let p(h) = -70*h - 12. Let j be p(-4). Let f be 12/(-21) + j/28. What is g(f)?
-20
Let x(m) = -m**2 + 12*m - 26. Let a(l) = l**2 + 2*l - 5. Let w(i) = 2*a(i) + x(i). Give w(-18).
0
Let g(y) = y**3 + 13*y**2 - 5*y + 8. Let h(q) = -3*q**3 - 35*q**2 + 14*q - 22. Let u(r) = -17*g(r) - 6*h(r). Let i = -7 + 18. Give u(i).
7
Suppose 2*o - 5*o = -3, -o = -2*g + 1. Let y(u) = 6*u + 2. Let i be y(g). Suppose 2*f - 2*p = i, -p = 2*f + f + 4. Let k(q) = q**2 - 1. What is k(f)?
-1
Let o be 3 - (-5*2/(-2) + -3). Let i be (-1 - 5/o)/(-2). Suppose 5 = 5*q + 3*d + 15, -i*d = 0. Let z(n) = -3*n**2 - 2*n + 1. Give z(q).
-7
Let m(v) = 6*v**2 - 140*v - 179. Let c(y) = y**2 - 27*y. Let u(b) = -7*c(b) + m(b). Give u(45).
1
Let l(w) = w**3 - 5*w**2 + w - 1. Let y(u) = 8*u - 23. Let x be y(6). Suppose 3*c - 7 = -x. Let r be (18 + -15)*(-10)/c. Determine l(r).
4
Let n(f) = f**3 + 7*f**2 + 5*f - 4. Suppose 2*y - 3*x - 75 = 0, 3*x - 4 - 5 = 0. Suppose -12 = 4*w - 4*b, -5*w + 6*b - 10*b = y. What is n(w)?
2
Let w(v) = -194*v - 26. Let u(x) = 242*x + 25. Let t(p) = 4*u(p) + 5*w(p). Give t(-6).
-18
Let h(w) be the third derivative of -w**4/24 + w**3/3 - w**2. Suppose -189 = 1217*s - 1244*s. Give h(s).
-5
Let s(c) be the third derivative of -c**4/24 - c**3/3 - 2*c**2. Let x = -52309 + 52309. Calculate s(x).
-2
Let l(f) = 0